t is b(-63)?
-6
Let y(o) = 75*o - 7655. Calculate y(102).
-5
Let w(n) = 7421*n - 22264. Determine w(3).
-1
Let p(r) = -r**3 - 69*r**2 - 260*r - 11. Give p(-65).
-11
Let f(w) = 349*w + 96349. What is f(-276)?
25
Let l(d) = -d**2 + 6*d - 45. Determine l(9).
-72
Let a(i) = -337*i + 1466. Give a(4).
118
Let n(x) = -x**3 + 14*x**2 + 14*x - 150. What is n(14)?
46
Let m(o) = 2*o**3 - 125*o**2 - 59*o - 266. What is m(63)?
-14
Let w(l) = 91*l + 837. Give w(-9).
18
Let s(y) = -y**3 - 27*y**2 - 139*y + 9. Calculate s(-20).
-11
Let r(m) = -7*m + 26. Determine r(-6).
68
Let v(t) = -331*t - 317. Determine v(-1).
14
Let o(v) = 30*v + 179. What is o(-6)?
-1
Let s(p) = 786*p - 4708. Determine s(6).
8
Let o(d) = 2*d + 85. Calculate o(-27).
31
Let n(w) = 8*w + 142. What is n(-7)?
86
Let q(b) = -100*b + 3596. What is q(36)?
-4
Let k(t) = -201*t - 24. Determine k(-1).
177
Let v(k) = 21*k**2 + 365*k - 725. What is v(2)?
89
Let x(n) = -2*n**2 - 16*n - 11. Give x(-6).
13
Let n(z) = -z**3 + 51*z**2 - 4*z + 266. Calculate n(51).
62
Let g(k) = -172*k - 570. Give g(-4).
118
Let y(c) = -20*c**2 - 2*c - 3. Give y(-2).
-79
Let h(p) = -10*p**3 + p**2 + 45*p - 48. Determine h(1).
-12
Let k(c) = c**2 - 211*c - 10912. Give k(-43).
10
Let k(s) = 2*s**2 + 42*s + 69. Give k(-19).
-7
Let b(x) = -8*x**3 + 67*x**2 + 18*x + 243. What is b(9)?
0
Let a(j) = 5*j - 3. Calculate a(3).
12
Let y(a) = 21*a**2 - 137*a - 140. Calculate y(-1).
18
Let c(h) = 117*h - 379. Give c(3).
-28
Let v(i) = 450*i - 883. Determine v(2).
17
Let b(u) = 2*u**2 + 90*u - 696. Give b(7).
32
Let b(z) = -z**2 + 145*z - 289. What is b(2)?
-3
Let r(h) = h**2 + 44*h - 382. Determine r(7).
-25
Let y(o) = -14*o**3 - 4*o**2 - 12*o. What is y(-2)?
120
Let a(h) = -2*h**2 + 68*h - 383. Calculate a(27).
-5
Let i(m) = -2*m**3 + m**2 - 326*m - 2. What is i(0)?
-2
Let k(h) = 2*h**2 - 106*h + 785. Give k(44).
-7
Let p(x) = -x**2 - 54*x - 761. Determine p(-24).
-41
Let p(o) = -3*o**3 - 26*o**2 + 4*o + 15. Give p(-9).
60
Let x(q) = -36*q - 2842. Calculate x(-60).
-682
Let o(t) = -3*t**2 + 54*t + 503. What is o(25)?
-22
Let m(k) = -k**3 - 64*k**2 - 123*k + 127. Give m(-62).
65
Let w(j) = -j**3 + 69*j**2 - 72*j + 397. What is w(68)?
125
Let u(n) = 5*n**2 + 173*n + 85. Calculate u(-34).
-17
Let h(c) = -c**3 - 29*c**2 - 77*c + 8. What is h(-26)?
-18
Let g(l) = 104*l**2 - 122*l + 122. What is g(1)?
104
Let q(r) = -3*r**3 + 137*r**2 + 47*r - 97. Determine q(46).
-51
Let z(p) = -46*p - 2949. Determine z(-64).
-5
Let q(d) = -d**3 + 27*d**2 - 45*d - 32. Give q(25).
93
Let k(q) = 20*q**2 + 156*q + 64. What is k(-7)?
-48
Let i(y) = 2*y**3 - 131*y**2 - 43*y - 1521. Give i(66).
-3
Let f(x) = -857*x + 40276. Determine f(47).
-3
Let l(c) = 2*c**3 + 69*c**2 - 37*c - 73. Give l(-35).
-3
Let d(a) = -163*a - 45. Give d(-1).
118
Let j(h) = h**3 - 6*h**2 - 27*h + 103. Determine j(8).
15
Let k(b) = 46*b + 157. Determine k(-4).
-27
Let a(m) = 104*m + 902. Determine a(-9).
-34
Let a(c) = 2*c**2 - 9*c - 44. Determine a(6).
-26
Let j(q) = -3*q**2 - 63*q - 174. What is j(-12)?
150
Let q(b) = -2*b**3 - 3*b**2 + 240*b - 461. What is q(2)?
-9
Let r(k) = -2*k**2 - 5*k + 6. Calculate r(-6).
-36
Let a(c) = -1957*c - 11748. Determine a(-6).
-6
Let z(v) = v**3 + 159*v**2 + 768*v - 299. Calculate z(-154).
9
Let k(g) = g**2 + 169*g + 3441. Determine k(-146).
83
Let x(t) = -2*t**2 + 15*t - 6. Calculate x(2).
16
Let j(g) = g**3 - 20*g**2 + 55*g - 104. Calculate j(17).
-36
Let z(y) = -y**3 + 18*y**2 - 36*y + 35. What is z(16)?
-29
Let b(x) = 2*x**3 + 27*x**2 + 87*x + 32. Calculate b(-5).
22
Let y(b) = 8*b**2 + 6*b - 7. Determine y(-6).
245
Let l(n) = 112*n - 1004. Determine l(9).
4
Let n(h) = -9*h**3 + 6*h**2 + 10*h + 12. Determine n(-3).
279
Let a(f) = f**3 - 6*f**2 + 15*f - 2. Give a(4).
26
Let k(p) = 91*p + 1144. Determine k(-13).
-39
Let i(d) = -256*d + 8180. Determine i(32).
-12
Let f(a) = 59*a**2 + 6*a - 11. Give f(0).
-11
Let n(a) = -a**2 - 80*a + 1525. What is n(17)?
-124
Let d(t) = -21*t + 417. Calculate d(23).
-66
Let c(r) = 55*r**2 - 9*r + 11. Calculate c(1).
57
Let g(t) = t**3 - 10*t**2 - 3229*t + 16269. What is g(5)?
-1
Let n(w) = -2*w**2 - 220*w - 1445. Calculate n(-7).
-3
Let q(j) = -64*j + 1142. What is q(20)?
-138
Let s(w) = w**2 + 9*w - 58. Calculate s(6).
32
Let z(m) = -m**3 + 7*m**2 + 58*m - 98. What is z(13)?
-358
Let d(s) = -s**2 + 514*s + 94757. Calculate d(-144).
5
Let c(v) = v**3 - 17*v + 21. Calculate c(2).
-5
Let y(q) = 199*q - 47372. Determine y(238).
-10
Let u(g) = -2*g**2 + 1365*g - 18717. What is u(14)?
1
Let l(u) = -u**2 - 177*u - 6417. Determine l(-51).
9
Let l(z) = 2*z**3 - 16*z**2 + 5*z - 41. Give l(7).
-104
Let q(v) = v**2 + 21*v + 19. Determine q(-15).
-71
Let y(q) = -547*q**2 - 537*q + 6. Give y(-1).
-4
Let w(j) = 767*j - 6958. Determine w(9).
-55
Let h(v) = 2*v**2 + 94*v - 6461. Calculate h(38).
-1
Let m(h) = h**3 + 6*h**2 - 26*h - 162. What is m(-6)?
-6
Let m(r) = 181*r**2 + 1063*r - 144. Calculate m(-6).
-6
Let i(k) = 5*k**3 + 23*k**2 - 92*k - 415. Calculate i(-5).
-5
Let f(q) = q**3 + 26*q**2 + 110*q + 944. Determine f(-23).
1
Let o(k) = -5*k**3 + 302*k**2 - 124*k + 251. Determine o(60).
11
Let s(q) = 20*q**2 - 86*q + 77. Give s(3).
-1
Let y(s) = s**3 - 41*s**2 - 6*s + 1843. Determine y(40).
3
Let s(h) = -144*h - 636. What is s(-5)?
84
Let r(l) = l**3 + 9*l**2 + 6*l - 20. Give r(-8).
-4
Let c(u) = -u**3 - 2*u**2 + 73*u + 258. Determine c(-4).
-2
Let s(f) = -252*f - 1021. Determine s(-5).
239
Let f(c) = -c**3 - 7*c**2 + 14*c + 94. Calculate f(-7).
-4
Let m(k) = -222*k + 2727. Determine m(13).
-159
Let c(b) = -8*b**2 - 25*b - 9. Determine c(-4).
-37
Let t(f) = -f + 49. Give t(-13).
62
Let s(l) = -l**3 + l**2 + 253*l + 494. What is s(-2)?
0
Let m(z) = 146*z**3 - 5*z**2 - 7*z - 2. Give m(-1).
-146
Let y(l) = -l**3 + 30*l**2 + 43*l + 693. What is y(32)?
21
Let v(u) = -1533*u - 7648. What is v(-5)?
17
Let l(n) = -3*n**2 - 364*n - 2084. Determine l(-6).
-8
Let f(q) = -q**3 + 6*q**2 - 7*q + 35. Give f(7).
-63
Let d(m) = -m**2 - 276*m + 3174. Calculate d(11).
17
Let p(h) = -5*h**2 + 35*h + 45. What is p(-1)?
5
Let d(y) = 8*y**3 - 66*y**2 - 49*y - 6. Calculate d(8).
-526
Let u(b) = 3837*b + 3845. Calculate u(-1).
8
Let x(k) = 2*k**2 - 33*k - 548. What is x(27)?
19
Let j(u) = -u**3 - 12*u**2 + 3*u + 22. What is j(0)?
22
Let g(p) = -8*p**2 + 78. Calculate g(5).
-122
Let q(g) = -g**2 + 38*g - 359. Give q(24).
-23
Let z(j) = 12*j + 66. Determine z(-14).
-102
Let i(f) = -651*f - 5225. What is i(-8)?
-17
Let j(p) = -p**3 - 5*p**2 - p - 245. What is j(0)?
-245
Let i(h) = 31*h + 147. What is i(-3)?
54
Let h(q) = q**2 - 22*q + 94. Give h(14).
-18
Let h(s) = 3*s**2 - 6*s - 31. Determine h(-3).
14
Let a(i) = i**2 - 55*i + 385. Determine a(8).
9
Let g(j) = -j**3 - 37*j**2 + 4*j + 127. Give g(-37).
-21
Let r(b) = -93*b + 489. Determine r(4).
117
Let k(g) = g**2 + 228*g - 461. Calculate k(2).
-1
Let a(l) = -l**3 - 10*l**2 + 24*l - 4. Give a(-12).
-4
Let h(p) = -3*p**3 + 7*p**2 - 3*p + 28. Give h(4).
-64
Let r(k) = 3*k**3 - 13*k**2 - 22*k + 132. Give r(6).
180
Let m(v) = v**2 + 100*v - 1847. Calculate m(-116).
9
Let u(d) = 2*d**2 + 5*d - 148. Determine u(9).
59
Let q(t) = -79*t - 363. Calculate q(-5).
32
Let u(j) = j - 35. What is u(-46)?
-81
Let m(o) = -2003*o - 94142. What is m(-47)?
-1
Let p(a) = -23*a**2 - 501*a - 33. Give p(-22).
-143
Let g(b) = -b**3 - 35*b**2 + 34*b - 89. What is g(-36)?
-17
Let g(q) = -9*q - 58. Calculate g(7).
-121
Let t(i) = 3*i**3 + 6*i**2 - 6*i - 15. What is t(-3)?
-24
Let j(f) = 2*f**3 - 74*f**2 + 7*f - 263. What is j(37)?
-4
Let b(o) = -535*o + 15518. Determine b(29).
3
Let q(z) = z**3 - 38*z**2 - 170*z - 51. Give q(42).
-135
Let r(j) = 315*j**2 + 26*j + 10. Give r(0).
10
Let c(s) = -57*s + 1053. Give c(19).
-30
Let h(c) = c**2 + 5*c - 85. What is h(6)?
-19
Let s(f) = f**3 - 8*f**2 - 39*f + 303. Determine s(6).
-3
Let t(v) = 160*v**3 - v**2 + 12*v + 13. Calculate t(-1).
-160
Let l(d) = -4*d**3 + 173*d**2 - 52*d + 47. Give l(43).
-340
Let p(u) = -389*u - 1511. Give p(-4).
45
Let g(m) = 2*m**3 - 66*m**2 - 68*m + 4. Calculate g(34).
4
Let c(u) = 35*u**3 + 13*u**2 + 6*u - 6. Give c(-1).
-34
Let b(j) = -2*j**2 - 144*j - 550. Give b(-68).
-6
Let q(x) = -x**3 - 3*x**2 + 27*x + 88. Determine q(-5).
3
Let k(z) = -61*z + 2742. W